(4 + o + -8)?
3
Let z(j) = j**3 - 5*j**2 - 5*j - 28. What is the units digit of z(7)?
5
Suppose 3*l + 1284 = 6*n - 3*n, 4*n = 2*l + 1702. What is the units digit of n?
3
Let d(o) = 4*o - 4*o - o + 1 + 0*o. Let j be d(9). Let x = j - -27. What is the units digit of x?
9
Let a = -134 - -243. What is the units digit of a?
9
What is the thousands digit of (-6)/(-16) + 4*677610/576?
4
Suppose -6 = 5*p - 1. Suppose 71*j + 14 = 64*j. What is the units digit of ((-96)/(-6))/(j/p)?
8
Suppose -q - 26 - 3 = 0. Let w = 25 + q. What is the units digit of w/(-30) - 2784/(-45)?
2
Let m be (-7)/14 + (-486)/(-4). Suppose -3*f = -2*w - 209, 0*f + m = 2*f - 5*w. What is the tens digit of f?
7
Let l = 4168 + -2421. What is the thousands digit of l?
1
Suppose s = -4*s + 1610. What is the tens digit of s?
2
Let l = 8785 - 5073. What is the thousands digit of l?
3
Let i be ((-3)/2)/((-1)/(-34)). Let n be 16 + -10 - (3 + 6). What is the tens digit of n/(1/(i/9))?
1
Let n = 0 + -2. Let k be 1 + 2 + n + 4. What is the tens digit of 26/1 - (-7 + k)?
2
Let z(l) be the second derivative of -l**4/12 + l**3/2 + l**2 + 2*l. Let m be z(3). Suppose 58 - 6 = m*v. What is the units digit of v?
6
Suppose -3*k + 0 - 2 = y, y = 2*k + 18. Let o(n) = -3*n + 6*n - y + 13. What is the units digit of o(4)?
5
Suppose -3*k + 11 = -7. Suppose f = -2*t + k*t + 90, 4*f = t + 345. What is the units digit of f?
6
Let u = -16 + 19. Suppose 9*b - 48 = u*b. What is the units digit of b?
8
Let n(w) = 5*w - 13. Let q be n(10). Let t(k) = -k. Let o be t(-4). Suppose 3*p + 4*l = 9, -l = o*p - 4*l - q. What is the units digit of p?
7
Let m(b) = 7*b**3 - b**2 - 2*b + 3. Let t be m(2). Suppose 0 = -5*f + 2*y + 376, -2*f + y = t - 202. What is the units digit of f?
4
Suppose -5*x - 45 = -5*d, d - 2*x = 3*d + 2. Suppose 4*v = 5*g + 40, -3*v + d*g - 4 = -7*v. Suppose 85 = v*t + 25. What is the units digit of t?
2
Let m(d) = d**3 - 8*d**2 - d + 3. Let f be m(8). Let c be (-52)/2*1/2. What is the units digit of (f/5)/(1/c)?
3
Let l be (-48)/(-9) + 5/(-15). Suppose 4 = 4*p, -p = -4*a - l*p + 196. Suppose 4*c - a = -b - 3*b, b = c - 4. What is the units digit of c?
8
Let w = -6 - -11. Suppose 4*m = -5*g - 209, -2*m = 2*g - w*g - 121. Let k = 82 + g. What is the units digit of k?
1
Suppose -2*d + 620 = -5*o, -2*o = -o - 5*d + 101. Let z = 189 - o. What is the units digit of z?
5
Let o(c) = c**3 + 1. Let i(b) = -b - 1. Let h(u) = 3*i(u) + o(u). Let k be (-26)/(-10) - 6/(-15). What is the units digit of h(k)?
6
Let c = -19 - -24. Suppose k = 5*z - 12, k - 4 = -c*z - 2*k. Suppose x - m - 79 = -19, 4*x = -z*m + 246. What is the tens digit of x?
6
Let x(u) = 0*u + 3*u + 4*u - 7 + 8*u. What is the tens digit of x(10)?
4
Suppose -67 = -2*f - k, -2*f + 2*k + 54 + 4 = 0. Suppose -q + f = j, 2*q = -j + 2*j - 41. What is the tens digit of j?
3
What is the units digit of 9*((-178)/(-6) + 0)?
7
Suppose -s + 3*i + 50 = 0, s - 4*i + 200 = 5*s. Suppose -4*c + s = 2*q, -4*q = -32 + 12. What is the units digit of c?
0
Let w(g) = 2*g + 3. Let n(u) = 3*u + 3. Let i(t) = -4*n(t) + 5*w(t). Suppose x = -0*x + 3*r + 5, 4*r + 28 = -4*x. What is the units digit of i(x)?
1
Let o(s) = -s**3 + 16*s**2 + 6. Let c be o(16). Let m(b) = b**2 + b - 2. What is the units digit of m(c)?
0
Let r be -2 - -5 - 6 - 2. Let j be (60/75)/((-2)/r). Suppose 2*i = 3*s + 16 - 96, 3*s = -j*i + 100. What is the tens digit of s?
3
Let b(d) = d + 30. Let y(h) = h + 30. Let a(w) = 6*b(w) - 5*y(w). Let f be a(10). Suppose -5*k - 3*q = -34, 0 = k - 6*k - 5*q + f. What is the units digit of k?
5
Suppose 0 = 4*z - 9*z - 5*o + 190, 0 = 4*z + o - 164. Let x = -36 + z. What is the units digit of x?
6
Suppose 3*m - 6*r + 1530 = 5*m, -4*m + r = -3021. What is the tens digit of m?
5
Suppose 2*r + 2 = 12. Suppose 2*p + 709 = 5*l - p, -5*l + 685 = r*p. Let i = -95 + l. What is the units digit of i?
5
Let m be ((-20)/(-8))/(2/(-60)). Let a = -50 - m. What is the units digit of a?
5
Suppose -589 = -u + l, l = 4*u + u - 2965. What is the units digit of u?
4
Let l be 81/(-6)*(-10)/15. Let r = l + -11. What is the units digit of (-9)/(-18) + (-111)/r?
6
Let k be 32/2 - -1 - -3. Suppose 0 = 2*g + 4*p + 2, 4*g - 4*p - k = 0. Suppose 5*f - r = 29, 0*f - f - 2*r = g. What is the units digit of f?
5
Let l(k) = -26*k + 19. Let z be l(-6). Suppose z + 341 = 4*m. What is the units digit of m?
9
Suppose -4*h - 113 = -537. Let z = -49 + h. What is the tens digit of z?
5
Let b(r) = -4 + 22*r**2 - 2 + 0 + 93*r - 89*r. What is the units digit of b(2)?
0
What is the tens digit of (1374/10)/((-120)/(-400))?
5
Suppose 3*f + 2*f - 5*w + 30 = 0, w = -5*f. Let m be f*(-14 + 3 + 0). Let q = m + -4. What is the units digit of q?
7
Let j(s) = s**3 - 6*s**2 + 4*s + 4. Let t be j(11). Suppose -u = -5*n - 213, -8*u + 5*u + n = -t. What is the hundreds digit of u?
2
Let r(o) = o**3 + 34*o**2 + 32*o + 35. What is the tens digit of r(-33)?
6
Suppose l + 100 = 5*l. Let v = l + -22. Suppose -v*t + 82 - 30 = w, 88 = 5*t + w. What is the units digit of t?
8
Let y(j) = -1102*j + 85. What is the units digit of y(-1)?
7
Let b(p) = -p**3 - 3*p**2 + p. Let g be 9/(3 + -4) - -4. What is the units digit of b(g)?
5
Let j(a) = -2*a**2 - 15*a - 29. Let q be j(-8). Let m = q - -69. What is the tens digit of m?
3
Let l(m) = -m**3 + 8*m**2 + 7. Suppose 8 + 28 = 6*n. Let v be l(n). Suppose -4 = 3*o - v. What is the tens digit of o?
2
What is the units digit of (686 - -4 - (-5 - 0)) + -1?
4
Suppose 55*z = 46*z + 21294. What is the hundreds digit of z?
3
Let i = 655 + 884. What is the hundreds digit of i?
5
Suppose 32 + 751 = 3*j. What is the units digit of j?
1
Let g = -3 - -3. Let w(n) = 39 + n**2 + n**3 - 4*n + 4 + 2*n + 0*n**2. What is the units digit of w(g)?
3
Suppose 0 = -188*j + 173*j + 19170. What is the tens digit of j?
7
Let v = 23 - 22. Let d be 9/(-2)*(-2)/v. Suppose -40 = 4*g - d*g. What is the units digit of g?
8
Suppose -6*f + 0*f + 18 = 0. Suppose 0 = t - 5*s + 8, -t - 108 = f*t - s. Let p = t + 97. What is the tens digit of p?
6
Let w(c) = -c**2 - 7*c + 3. Let a be w(-7). Let o = 4 - -1. Suppose o*z = -5, a*v - z = 2*v + 5. What is the units digit of v?
4
Let x(w) = 3*w + 17. Suppose 5*b = -t + 39, -22 = -2*b - b - 2*t. What is the tens digit of x(b)?
4
What is the tens digit of ((-2)/(-3))/(130/332280)?
0
Let g = 30 + 298. What is the hundreds digit of g?
3
What is the hundreds digit of (280/(-12))/7*(-1 + -50)?
1
Let b = 13 - 10. Suppose b*t + 52 = 280. What is the tens digit of t?
7
What is the tens digit of 27864/30 + 20/(-25)?
2
Suppose -161 - 793 = -9*k. Suppose 5*r + 314 = 5*i - k, 4*i = 5*r + 338. What is the units digit of i?
2
Suppose -5*f - 3*w + 22306 = -2731, -5006 = -f - 2*w. What is the units digit of f?
8
Let d(b) = -6*b**2 - 9*b + 1. Let z be d(-4). Let g = 176 - z. What is the tens digit of g?
3
Let q(z) be the second derivative of z**7/126 + z**6/360 + z**5/60 - 5*z**4/6 - 6*z. Let y(l) be the third derivative of q(l). What is the tens digit of y(-1)?
2
Suppose 0 = -l + 7 - 2. Suppose 254 = 5*a + i, 4*a - l*i - 230 = -a. What is the tens digit of a?
5
Let p be (12/(-14))/((-8)/28). Suppose 6 = -l + p*l. Suppose -l*h + 45 = -75. What is the units digit of h?
0
Let s(r) = 4*r - 22. Let p be s(9). Suppose -9*i = -p*i + 780. What is the tens digit of i?
5
Let r(c) = c**2 - 12*c + 7. Let a be r(9). Let l be 1 - (a + 4/1). Let v(p) = p**3 - 17*p**2 + 2*p + 15. What is the tens digit of v(l)?
4
Let v = 123 + -108. Let b(l) = -3*l + 2. Let w be b(4). What is the units digit of v*(-2 + (-26)/w)?
9
Let w(g) = 2*g**2 - 31*g + 15. Let v be w(17). Let y = v - -103. What is the hundreds digit of y?
1
Suppose -4*z + 816 = 5*s, 0 = -6*z + z + 20. Let n = -225 + s. What is the units digit of (11 - n)*(-1)/(-2)?
8
What is the units digit of (-59262)/(-166) + (-1 - -2 - 0)?
8
Suppose 196 = 2*f - 5*q + 11, 0 = -3*q - 15. Suppose 4*h + 2*v - 130 = 0, 2*v + 0 = 2*h - f. What is the units digit of h?
5
Let d(y) = -19*y + 1. Let o = -2 - -2. Suppose u + o = t - 1, 13 = -3*t - 5*u. What is the tens digit of d(t)?
2
Let p = 23 + -19. Suppose p*h + 2*f = 486, -2*f - 384 = -3*h + 3*f. What is the tens digit of h?
2
Let w(t) = -t**3 - 11*t**2 - 3*t - 21. Let n be w(-11). Suppose 2*d = 28 - n. What is the units dig